l(m) = -2*m**2 - 32*m + 37. Let r be l(-17). Calculate the highest common factor of o and r.
1
Suppose 56*h - 2030 = -11*h - 136*h. Let j(z) = z - 2. Suppose 2*n - 1 = 11. Let a be j(n). What is the greatest common factor of a and h?
2
Let z be 2/(1/(-1)*-1). Suppose 32 = 10*a - z*a. Calculate the highest common factor of a and 32.
4
Suppose -3*h + 8*h = 40. Let a be (2 - 0) + (-6 - -8). Suppose -4*v + 8 - a = 0. Calculate the greatest common divisor of v and h.
1
Suppose 2*c = -c. Suppose i - 8 + 0 = c. Let a = i - -3. Calculate the greatest common factor of a and 99.
11
Let f be 4 - (3 - 0)*(-480)/18. Calculate the highest common factor of 140 and f.
28
Let l be (60/50)/((-2)/(-275)). Calculate the greatest common divisor of 45 and l.
15
Suppose -189*q = -36 - 720. Let o = 1 - -2. Suppose -3*x - 9 = -2*g, 5*g + 6*x - 75 = o*x. What is the greatest common factor of q and g?
4
Let l = 73 - 58. Let b = 51 - l. Calculate the greatest common factor of 54 and b.
18
Let q be (24/(-18))/(4/(-549)). What is the highest common divisor of q and 61?
61
Suppose -4*c + 2*c + 4*u = -118, -2*c - 3*u = -111. What is the greatest common divisor of c and 247?
19
Suppose -2*r = -0*q - q + 178, 0 = -3*r - 2*q - 281. Let c = r - -120. Calculate the greatest common divisor of c and 261.
29
Suppose -3*r = 7 - 1, 4 = 2*s + r. Suppose s*a - 64 = 11. Calculate the greatest common divisor of a and 175.
25
Suppose 4*z + 60 - 12 = 0. Let w be 4*(-3)/z - -2. Let d be 13/4 - (-2)/(-8). Calculate the highest common factor of d and w.
3
Suppose 0 = -11*y + 378 + 546. Let p = 86 + -30. What is the greatest common factor of p and y?
28
Let o(c) = 3*c**2 + 3*c. Let u be o(-2). Let j = 9 - u. Suppose j*f + 2*s - 64 = -0*s, -f + s = -13. What is the highest common factor of f and 2?
2
Let z(k) = -k**2 + 18*k - 38. Let r be z(11). Let f = r + -29. Calculate the highest common divisor of 6 and f.
2
Let x be (12/7)/(26/(-28) + 1). What is the greatest common factor of 48 and x?
24
Suppose 2*p + 3*u - 6*u = 2, 4*u = -p + 1. Let t = 2 - -1. Suppose 3*c + 12 = -5*v, c = -2*c - 2*v - t. Calculate the greatest common divisor of c and p.
1
Suppose o - 5 = -4. Let z be 3/((-15)/(-20))*o. What is the highest common factor of z and 20?
4
Let k(q) = -q**3 - 15*q**2 - 13*q + 18. Let m be k(-14). Suppose -m*y - 2*c = -3*y - 13, 5*c - 35 = -3*y. Calculate the greatest common factor of 2 and y.
1
Suppose 2*n + 0*n - 260 = 0. What is the highest common divisor of n and 26?
26
Let n be (-36)/(-60) - (-3)/(-5). Suppose n = 4*h - 2*h - 90. Let u be ((-210)/h)/((-1)/3). Calculate the greatest common divisor of u and 98.
14
Let i(c) = -c**3 - 4*c**2 - 2*c - 2. Let y be i(-4). Let t be -2 - -52 - (-2 + y). Calculate the greatest common divisor of t and 138.
46
Let k be -1 + ((-460)/(-52) - 4/(-26)). Calculate the highest common factor of k and 24.
8
Let v be 16/6*(-483)/(-28). Calculate the greatest common divisor of 782 and v.
46
Suppose 4*i = 2*i + 42. Suppose 0 = -0*r - 2*r + 16. Let u = 55 + r. What is the highest common divisor of i and u?
21
Suppose 0 = 5*t - 66 + 1. Suppose 13*h = 17*h - 468. Calculate the greatest common factor of h and t.
13
Let o be (0 + 0)*1 + -4 + 9. Suppose 2*y + 269 = o*p, -2*p - p + y = -162. What is the greatest common divisor of p and 22?
11
Suppose -15*a + 19*a = -3*d + 4, 2*d - 4 = -2*a. Calculate the greatest common divisor of d and 12.
4
Let r = 10 + 5. Suppose -w - z + 9 = -17, -3*z + 138 = 5*w. What is the greatest common factor of w and r?
15
Suppose -25 = 26*y - 31*y, -50 = -3*c + 5*y. Suppose k + 2*k = 306. Let a = 73 + k. Calculate the highest common divisor of a and c.
25
Suppose -425*g + 60 = -420*g. What is the greatest common divisor of g and 36?
12
Suppose 0*r - r + t - 5 = 0, 2*r + 22 = -4*t. Let p = r + 9. Suppose y = -3*w + 13, p*y = 3*y + w - 21. Calculate the greatest common factor of y and 5.
5
Suppose 3 = -5*o + 33. Suppose 4*l - o = 3*d, -l - l = 5*d - 16. Suppose s + 2*a - 5*a = 14, -3*s + 70 = -d*a. Calculate the highest common divisor of s and 13.
13
Let l(t) = t**2 + 3*t + 3. Let f be l(-4). Let z = 139 - 69. What is the greatest common factor of z and f?
7
Suppose 3*l = 0, -4*l + 0*l - 18 = -2*a. What is the highest common factor of a and 99?
9
Let f be 4/(-6) + (-16)/(-6). Let m be f/((-8)/124)*-9. Let p = -11 + 42. Calculate the greatest common factor of m and p.
31
Let m(d) = -7 + 18*d + 37 - 5*d + d**2. Let t be m(-11). What is the greatest common factor of t and 24?
8
Suppose -5*r + 35 = -0*r. Let i = 3 + r. Suppose 3*w = 37 - i. What is the greatest common factor of 81 and w?
9
Let f = 32 - 27. Suppose 4*k + 31 = z, 5*k = -f*z + 45 + 10. Calculate the greatest common factor of z and 3.
3
Let n(w) = -23*w + 9 - 9. Let x be n(-2). Suppose 869 = 12*a + 593. Calculate the greatest common factor of x and a.
23
Suppose -4*p + 994 = 318. Suppose -42 - 101 = -11*r. What is the highest common divisor of p and r?
13
Let g(o) = -o**3 + 9*o**2 - 3*o - 16. Let d be g(8). Suppose 0 = -5*h - 23 - 17. Let n be (h/(-6))/((-6)/(-72)). What is the greatest common divisor of d and n?
8
Let v = 10 + -78. Let m be (4 - v/(-8))*-66. What is the highest common divisor of m and 27?
27
Suppose 2*v - 5*v + 5*d - 1109 = 0, -3*v = 5*d + 1069. Let h = v - -627. What is the greatest common divisor of h and 24?
24
Let d be 0/4*2/(-4). Suppose 5*v + w - 276 = d, -6*w = -2*w - 4. Let n be 115/20 - (-6)/(-8). What is the greatest common factor of v and n?
5
Let a be 192/2*(-32)/(-12). Suppose l - a = -l. What is the greatest common divisor of 32 and l?
32
Let l = 26 + -12. Let y = 100 + 12. What is the greatest common factor of y and l?
14
Suppose -s = 19 - 21. Calculate the highest common factor of 1 and s.
1
Let n(z) = -z**2 + 18*z + 5. Let v be n(18). Suppose 0 = 3*r - v*r + 4, -3*r + 114 = 3*o. Calculate the greatest common factor of 24 and o.
12
Let m = 9 - 0. Let g = -9 + m. Suppose -6*c + 2*c + 440 = g. Calculate the greatest common factor of 10 and c.
10
Let u be 68 - 2/(2/2). Let j = -39 + 56. Let t = -11 + j. Calculate the highest common factor of u and t.
6
Let h = 162 - 104. Suppose -r + 155 = 3*x - 8*x, -5*r = 2*x - 721. What is the greatest common divisor of r and h?
29
Let c(t) = t**2 - 10*t + 15. Let a be c(10). Suppose 2*n + 3*g - 15 = 0, -4*n + a = -3*n + 4*g. What is the greatest common factor of 33 and n?
3
Let c(n) = 1 + 2*n**2 + 6*n + 2*n - 9. Suppose -17*x + 4*x - 78 = 0. Let d be c(x). What is the greatest common factor of 112 and d?
16
Let u(j) = -2*j + 21 + 4*j + 8 + 11. Let l be u(-19). Suppose 3*n - 3 = 2*n. Calculate the highest common factor of l and n.
1
Suppose 0 = 4*f - 873 - 571. Let m be 3/(9/(-3))*f. Let c = -241 - m. What is the greatest common divisor of 15 and c?
15
Let w(m) = m**2 - 2*m**2 + m + 3*m + 2*m**2 + 9. Let j be w(-2). What is the greatest common factor of 2 and j?
1
Suppose -22*u = -79 - 317. Let s(v) = 13*v. Let p be s(-2). Let h = -8 - p. Calculate the highest common divisor of h and u.
18
Let j = -113 + 167. Suppose -2*x + 5*x - 54 = 2*u, -4*u = 3*x - j. Calculate the greatest common factor of 9 and x.
9
Let r be (30/3 - 5)*1 + 2. Let t be (2 - 3)*-55 - -1. Calculate the highest common divisor of t and r.
7
Suppose -35 = 5*c + 4*i, c + i + 8 = -0*c. Let m be (-4)/(-6) - 13/c. Suppose 0 = 37*h - 36*h - 13 - 12. Calculate the highest common divisor of m and h.
5
Let p(h) = h**3 + 37*h**2 - 79*h + 21. Let n be p(-39). Calculate the highest common divisor of n and 156.
12
Suppose s + 36 = 37*s. What is the greatest common divisor of 191 and s?
1
Let l be 8/3*636/16. Let j = l + -56. What is the greatest common divisor of 20 and j?
10
Let q = 0 + 1. Let x(o) = -4*o + 23. Let r be x(11). Let l = r + 22. What is the greatest common factor of l and q?
1
Let j = -1081 - -1280. Calculate the greatest common factor of j and 1.
1
Let g(k) = 3*k - 6. Let f be g(4). Suppose -4*b = -26 - f. Suppose 0 = -4*r - n + 229, 15*r + 4*n - 76 = 14*r. What is the greatest common factor of b and r?
8
Suppose 3*v - 94 = 68. Let l = -21 + 24. Let b be 1/(-2 + l)*81. What is the highest common factor of v and b?
27
Let l = 44 + 301. Calculate the greatest common factor of l and 69.
69
Let o = -17 - 28. Let l = o + 63. Calculate the highest c